- 4*q - 10124 = 0. What is the tens digit of i?
5
Let w(p) = -26*p + 107. Let z be w(4). Let t(m) = 13*m**3 - 2*m**2 - 7*m - 7. What is the hundreds digit of t(z)?
3
Suppose 20*u - 17*u + l = -5, -3*l = u + 15. Suppose u = -135*b + 139*b - 2344. What is the units digit of b?
6
Let b = 0 + 4. Suppose b*h = -41 + 121. Suppose -h = -c + 18. What is the units digit of c?
8
Suppose 5*j - 87698 + 27121 = -3*k, 5*j + k = 60589. What is the units digit of j?
9
Suppose 95*v - 697325 = 459965. What is the hundreds digit of v?
1
Suppose -4*i = c + 341, i + 117 = -4*c + 13. Let x = i + 347. What is the tens digit of x?
6
Let w = 33 + 78. Let t = w - 69. What is the tens digit of 18/t + 130/7?
1
Let t be -4 + 2198 + 0/(-5) + -3. Let r = t - 1458. What is the tens digit of r?
3
Suppose 8*z + 379 = 6*z - w, -2*z + 3*w - 359 = 0. Let f = 31 - z. What is the hundreds digit of f?
2
Suppose -2*p + 155 = 139, -234144 = -5*k + 2*p. What is the hundreds digit of k?
8
Suppose 1596992 - 6943424 = -288*k. What is the ten thousands digit of k?
1
Let j(b) = 54*b + 16. Let l(t) = t**2 + 9*t + 28. Let n(k) = k**2 + 10*k + 27. Let m(z) = 2*l(z) - 3*n(z). Let y be m(-9). What is the hundreds digit of j(y)?
1
Suppose 3*n + 31*j = 32*j + 46582, 4*n - 2*j = 62112. What is the thousands digit of n?
5
Suppose -20*t = -22*t + 4. Suppose 807 = t*u + d - 265, -3*u + 1608 = 5*d. What is the hundreds digit of u?
5
Suppose 4*y = -s + 118030, 118*y - 118022 = 114*y - 5*s. What is the units digit of y?
8
Suppose -709 = -11*n + 83. What is the tens digit of 56/((n/(-128))/(-9))?
9
Suppose -45*a = 80744 - 221474 - 353550. What is the units digit of a?
4
Suppose -5*r + 4 = 3*h - 14, -30 = -5*h + 4*r. Suppose -o + 2*s + 228 = 0, -3*s + 857 = -h*o + 10*o. What is the tens digit of o?
1
Suppose 0 = 4*r - 8 - 20. Let h(z) be the first derivative of 4*z**2 - 14*z + 103. What is the tens digit of h(r)?
4
Suppose -10*b - 10*r = -11*r - 275753, 5*b - 137881 = 2*r. What is the units digit of b?
5
Let r = 41 - 44. What is the tens digit of (-12545)/(-15) - (-1)/r?
3
Let c = -776 + 464. What is the units digit of (-2)/(2 - (-627)/c)?
8
Let l = 120 - 79. Suppose -44*a + l*a = -1020. What is the tens digit of a?
4
Let p be (1*7)/(3/(-15)). Let h be 0 - (110/11 + -7). What is the units digit of ((-63)/p)/(h/(-190))?
4
Let k(t) = -2750*t - 1407. What is the ten thousands digit of k(-6)?
1
Let f(b) = 7*b**2 - 3*b - 12. Let v(i) = i**2 - 5*i + 11. Let k be v(3). Suppose t + k = 3*y, -4*t - 25 = t - 3*y. What is the tens digit of f(t)?
7
Suppose 2*k = -3*k + 10. Suppose g = -k*n + 344, -n - 2*g + 162 = -4. Suppose 25*i - n = 24*i. What is the units digit of i?
4
Suppose 2908135 + 4398255 = 73*q + 25*q. What is the hundreds digit of q?
5
What is the hundreds digit of (40/(4640/87))/(2/7536)?
8
Suppose -2*t = -5*x + 18, 3*t + 9 = -3. Let b be 45/(-3) - (1 - x). What is the tens digit of (1 + b/(-4))/(21/476)?
0
Let p(n) = -n**2 - 9*n - 3. Let s be p(-8). Suppose -s*v - 47 = 23. Let c = 15 - v. What is the units digit of c?
9
Let u = 89 + -87. Suppose -4*g = 2*y + y - 599, 4*y = -u*g + 782. What is the tens digit of y?
9
Let w be (24/(-13) - (-2)/(-13)) + -2. Let g(f) = -3*f**2 - 15*f - 9. Let v be g(w). Suppose -4*y = 12, -o + 3*y = v*o - 409. What is the units digit of o?
0
Let h(a) = 5*a**2 - 66*a - 21. Suppose 272 = 14*r + 2*r. What is the units digit of h(r)?
2
Let t(a) = 725*a - 6294. What is the hundreds digit of t(39)?
9
Let p(z) = 3*z**2 - 33*z + 6. Let q be p(11). Suppose 8*j - 22 = -q. Suppose -j*h - 8 = 0, 5*h + 19 = -u + 124. What is the units digit of u?
5
Let n(j) = 9*j + 0*j - 24*j + 105. What is the units digit of n(-11)?
0
Suppose -4*z - 2*u + 374 = 0, 3*z - 4*u = 4*z - 97. Let c = z + 298. What is the tens digit of c?
9
Suppose -25*n - 4775 - 3625 = -53*n. Let t be (-17)/(-3) - 4/6. Suppose t*u - 285 = n. What is the hundreds digit of u?
1
Let o be ((-171)/(-33) - 5) + 93/33. What is the units digit of o/24 - 5191/(-8)?
9
Let r = -8178 + 20637. What is the units digit of r?
9
Suppose 22*y - 140 = 17*y. Suppose y*l = 679 + 1393. What is the tens digit of l?
7
Suppose -w = 4*n - 11, 3*n + 1 - 7 = 0. Suppose 3*x = -r + 326, -2*x + 5*r + 570 = w*x. What is the units digit of x?
0
Suppose 4*t - t = 2340. Let n be 0 + (8 - 2) + 445. Suppose -s = -5*k + t, -2*k + 5*k = 4*s + n. What is the tens digit of k?
5
Let p(l) = -47*l**2 - 6*l + 9. Let x be p(-4). Let n = x + 1120. What is the units digit of n?
1
Let h(a) = a**3 + 6*a**2 + 6*a + 56. Let c be h(-6). What is the hundreds digit of (-84)/48 - (-13935)/c?
6
What is the units digit of (7/14 + 128802/(-12))*-1?
3
Let m(g) = -15*g - 7. Let v be (8/(-10))/(4/2350). Let z be v/70 - ((-10)/14 + 1). What is the units digit of m(z)?
8
What is the thousands digit of ((-868)/310)/(-1 + (-60812)/(-60820))?
1
What is the thousands digit of 1382058/48 + -5 + (-2)/(-16) + 2?
8
Suppose z + 2744 = v + 2*z, -2*v + 5*z + 5502 = 0. Suppose -v = -11*c + 1467. What is the hundreds digit of c?
3
Suppose 2*k + 92 = -p + 278, -k + 3*p + 93 = 0. Suppose -99*t + k*t = -8472. What is the tens digit of t?
1
Let k be 14/21 - (-386)/6. Let z = 57 - 13. Suppose -v + k = -z. What is the hundreds digit of v?
1
Let x(h) = -h**3 + 11*h**2 + 13*h - 10. Let w be x(12). Let a = -18 + -2. Let i = w - a. What is the units digit of i?
2
Let d be (-8)/(-20)*420/3. Suppose 54*n - d*n + 128 = 0. Let y = -15 + n. What is the units digit of y?
9
Let n = -92445 - -160717. What is the units digit of n?
2
Suppose 7*g - 2*g = 15. Suppose -116 = g*l - 617. What is the hundreds digit of l?
1
Suppose 2273101 = 50*j - 2088528 + 968279. What is the thousands digit of j?
7
Suppose -k = 3, 0 = -4*o - 2*k + 23 + 43. Suppose t - 250 = o. What is the tens digit of t?
6
Let i(g) = 4*g**3 - 2*g**2 - 2*g + 6. Let c be i(2). Suppose 5*d - 9 = c. Suppose -6*o - 23 = -d*o. What is the units digit of o?
3
Let v(k) = k**3 + 13*k**2 + 14*k - 17. Let b be v(-11). Let a = -69 + b. Suppose 0 = -5*f + 5*o + 700, 0 = 4*f - a*o - 312 - 248. What is the units digit of f?
0
Suppose -1482456 = 892*z - 1006*z. What is the units digit of z?
4
Let a be ((-6)/45*12)/((-2)/5). Suppose a*x + 2*y - 638 = 0, 0 = -x + 3*y + 124 + 32. What is the hundreds digit of x?
1
Let q(s) = -15 - 6 - 4 + 4 + 27*s**3 + 1 + s**2. What is the hundreds digit of q(3)?
7
Suppose 4*l - 142 = 2*g, 5*l = 17 - 2. Let u = g + 691. What is the units digit of u?
6
Suppose j - 3 = -0*j - 3*c, -2*j + 2*c = 2. Suppose j*y - 2*y = -4*w - 30, -4*w - 33 = -3*y. What is the tens digit of 79 + -1 + w/2?
7
Let s be ((-6)/4)/(3/(-12)). Suppose s*f - f = t - 9, -4*t - 2*f + 14 = 0. Suppose -g = -3*w + 143, 82 = t*w + g - 118. What is the units digit of w?
9
Let j(x) = -4*x - 85. Let i be j(-25). Suppose 4*f - 30 = -2*f. Suppose -i*a + f*a = -550. What is the tens digit of a?
5
Let y be -7 + 2 + 8 + -34. Suppose 2*q = 7*q - 330. Let f = y + q. What is the tens digit of f?
3
Let z = -211 + 475. Let k = 649 - z. Let a = k + -175. What is the units digit of a?
0
Let m(n) = n**3 - 4*n**2 + 3*n + 4. Suppose -88 + 94 = 3*s. Let r be m(s). Suppose 2*v = 5*k + 392, 4*v = r*v - 2*k + 364. What is the tens digit of v?
8
Suppose -14*s + 3302 = 12*s. Let d = -57 + 101. Suppose 3*i - s - d = 0. What is the units digit of i?
7
Let d(n) = 37*n - 31. Let t(g) = -37*g + 32. Let z(q) = 2*d(q) + 3*t(q). What is the hundreds digit of z(-2)?
1
Suppose -9*k - 33 = -24. What is the units digit of 7/(-5)*-205 - (0 - k)?
6
Let r = 412 + -112. Let b = r + -158. What is the tens digit of b?
4
Let p = 24 + -22. Suppose -l = p*l - d - 10, d + 15 = 4*l. Suppose -l*z + 230 = 4*t, z + 2*t = 4*t + 46. What is the tens digit of z?
4
Let b(t) = t**2 + 12*t - 17. Let r be b(-7). Let m be (-1)/5 - r/10. Suppose -342 = -m*h - 4*h. What is the units digit of h?
8
Suppose 3*j = 9, 3*j = 6*f - 3*f - 3168. Let u = f - -29. What is the units digit of u?
8
Let y = -16 - 2. Let d be y/(-4 + (-332)/(-80)). What is the hundreds digit of 63/(-21) - (1 + d/1)?
1
Let g(k) = -2*k + 9. Let a be g(-22). Let t = a - 53. Suppose t = 3*d - 263 - 64. What is the units digit of d?
9
Let u = 36342 + -21679. What is the tens digit of u?
6
Let j be ((-565)/(-15))/(((-4)/(-6))/(-2)). Let a = j + 414. What is the tens digit 